.
30
Calculate the greatest common factor of 180 and 3072.
12
What is the highest common divisor of 275 and 44?
11
Calculate the highest common factor of 135 and 141.
3
Calculate the highest common factor of 18 and 711.
9
What is the greatest common factor of 104 and 56?
8
Calculate the highest common factor of 35 and 2155.
5
What is the greatest common factor of 1022 and 196?
14
What is the greatest common factor of 27 and 3?
3
Calculate the highest common divisor of 14 and 14.
14
What is the highest common divisor of 532 and 209?
19
Calculate the greatest common factor of 24 and 102.
6
What is the greatest common factor of 215 and 100?
5
What is the greatest common divisor of 22 and 1078?
22
What is the greatest common divisor of 65 and 2015?
65
Calculate the highest common divisor of 11 and 27247.
11
Calculate the greatest common divisor of 186 and 29946.
186
What is the greatest common divisor of 4035 and 240?
15
Calculate the greatest common factor of 6 and 2334.
6
What is the highest common factor of 128 and 224?
32
Calculate the greatest common factor of 17763 and 93.
93
What is the highest common factor of 160 and 8704?
32
Calculate the greatest common divisor of 507 and 6.
3
What is the greatest common divisor of 240 and 1104?
48
Calculate the highest common divisor of 35 and 15.
5
Calculate the highest common factor of 400 and 2350.
50
Calculate the highest common divisor of 31313 and 181.
181
What is the highest common factor of 54 and 1242?
54
Calculate the greatest common factor of 273 and 7.
7
Calculate the highest common divisor of 108 and 27108.
108
Calculate the greatest common factor of 1778 and 14.
14
Calculate the greatest common factor of 8 and 1754.
2
What is the greatest common factor of 60 and 520?
20
Calculate the greatest common factor of 36 and 63.
9
What is the greatest common divisor of 9 and 22?
1
What is the greatest common divisor of 11 and 121?
11
What is the highest common divisor of 16236 and 11?
11
What is the highest common divisor of 420 and 10220?
140
Calculate the greatest common factor of 4958 and 518.
74
Calculate the greatest common factor of 20036 and 4.
4
Calculate the greatest common factor of 8 and 328.
8
What is the highest common divisor of 252 and 42420?
84
Calculate the greatest common divisor of 122 and 427.
61
What is the greatest common factor of 10 and 5210?
10
What is the highest common divisor of 13176 and 84?
12
What is the highest common factor of 5 and 155?
5
What is the greatest common factor of 44 and 1122?
22
What is the highest common divisor of 30 and 18?
6
Calculate the highest common factor of 930 and 510.
30
What is the greatest common factor of 44 and 6941?
11
What is the highest common factor of 180 and 2590?
10
What is the greatest common factor of 14 and 511?
7
What is the highest common factor of 2542 and 31?
31
What is the greatest common factor of 80 and 1580?
20
What is the greatest common factor of 37 and 37?
37
Calculate the highest common factor of 80 and 1240.
40
Calculate the greatest common divisor of 2022 and 6.
6
Calculate the greatest common divisor of 35 and 42.
7
Calculate the greatest common factor of 96 and 128.
32
Calculate the greatest common factor of 1410 and 12.
6
Calculate the highest common factor of 3 and 2859.
3
Calculate the highest common divisor of 4850 and 50.
50
What is the highest common divisor of 1 and 283?
1
What is the greatest common divisor of 4922 and 1288?
46
What is the greatest common factor of 847 and 121?
121
Calculate the highest common divisor of 343 and 21.
7
What is the greatest common factor of 176 and 80?
16
Calculate the greatest common factor of 1027 and 52.
13
What is the highest common factor of 300 and 6225?
75
What is the highest common factor of 27 and 2187?
27
What is the greatest common divisor of 7440 and 40?
40
Calculate the greatest common factor of 20 and 904.
4
Calculate the highest common factor of 315 and 24885.
315
Calculate the highest common factor of 31 and 403.
31
Calculate the highest common divisor of 48 and 411.
3
What is the greatest common factor of 244 and 2074?
122
Calculate the highest common divisor of 363 and 297.
33
Calculate the highest common factor of 154 and 28.
14
What is the greatest common factor of 2115 and 3055?
235
Calculate the greatest common factor of 143 and 65.
13
What is the highest common divisor of 180 and 405?
45
What is the greatest common factor of 1917 and 71?
71
What is the highest common factor of 43 and 4687?
43
Calculate the greatest common factor of 299 and 182.
13
Calculate the greatest common factor of 968 and 88.
88
What is the highest common divisor of 230 and 184?
46
Calculate the greatest common divisor of 940 and 19505.
235
What is the greatest common factor of 29 and 16414?
29
What is the greatest common factor of 142 and 6958?
142
Calculate the highest common factor of 459 and 544.
17
Calculate the greatest common divisor of 528 and 319.
11
What is the highest common factor of 60 and 4660?
20
What is the greatest common factor of 11 and 1760?
11
What is the highest common divisor of 254 and 25273?
127
Calculate the highest common divisor of 29 and 116.
29
What is the greatest common factor of 7272 and 72?
72
Calculate the greatest common divisor of 567 and 81.
81
What is the highest common divisor of 90 and 1035?
45
What is the greatest common divisor of 49 and 931?
49
Calculate the highest common divisor of 10503 and 18.
9
Calculate the greatest common divisor of 39 and 4212.
39
Calculate the greatest common factor of 1377 and 85.
17
What is the highest common factor of 5485 and 5?
5
What is the highest common factor of 345 and 10?
5
What is the highest common factor of 66 and 1122?
66
Calculate the greatest common divisor of 8 and 1.
1
What is the highest common divisor of 351 and 6?
3
What is the highest common divisor of 2066 and 2?
2
Calculate the highest common divisor of 541 and 8.
1
What is the greatest common divisor of 450 and 4?
2
Calculate the greatest common factor of 909 and 18.
9
What is the highest common factor of 882 and 98?
98
What is the greatest common factor of 268 and 76?
4
What is the highest common factor of 2 and 86?
2
What is the greatest common factor of 63 and 8967?
21
What is the greatest common divisor of 3173 and 19?
19
Calculate the highest common divisor of 17 and 119.
17
What is the highest common divisor of 19 and 19?
19
What is the greatest common divisor of 539 and 253?
11
What is the greatest common divisor of 121 and 121?
121
Calculate the greatest common divisor of 96 and 32.
32
Calculate the greatest common divisor of 289 and 272.
17
What is the greatest common divisor of 2057 and 204?
17
What is the highest common factor of 11352 and 77?
11
Calculate the greatest common factor of 546 and 84.
42
Calculate the greatest common factor of 262 and 1703.
131
What is the greatest common factor of 42 and 238?
14
Calculate the highest common factor of 6460 and 4080.
340
Calculate the highest common divisor of 32 and 96.
32
Calculate the highest common factor of 969 and 2261.
323
What is the greatest common factor of 72 and 208?
8
Calculate the greatest common divisor of 1407 and 21.
21
Calculate the highest common factor of 140 and 1015.
35
What is the greatest common factor of 308 and 88?
44
Calculate the highest common divisor of 186 and 93.
93
Calculate the greatest common factor of 2140 and 4.
4
Calculate the greatest common factor of 42 and 29288.
14
What is the greatest common divisor of 180 and 100?
20
What is the greatest common factor of 7 and 5124?
7
What is the highest common factor of 261 and 9?
9
What is the highest common factor of 253 and 69?
23
What is the greatest common divisor of 3 and 1146?
3
Calculate the greatest common divisor of 14 and 217.
7
Calculate the greatest common factor of 7168 and 28.
28
Calculate the highest common factor of 2206 and 4.
2
Calculate the highest common divisor of 320 and 2540.
20
What is the greatest common factor of 256 and 10?
2
Calculate the highest common factor of 324 and 16.
4
What is the highest common factor of 70 and 110?
10
Calculate the highest common divisor of 115 and 253.
23
What is the highest common factor of 374 and 418?
22
Calculate the highest common f